{"id":9183,"date":"2023-05-28T20:19:50","date_gmt":"2023-05-28T18:19:50","guid":{"rendered":"https:\/\/www.amis-de-compostelle.fr\/evenement\/walk-between-fields-and-waters-edge\/"},"modified":"2023-05-28T20:19:50","modified_gmt":"2023-05-28T18:19:50","slug":"walk-between-fields-and-waters-edge","status":"publish","type":"tribe_events","link":"https:\/\/www.amis-de-compostelle.fr\/en\/evenement\/walk-between-fields-and-waters-edge\/","title":{"rendered":"Walk: &#8220;Between fields and water&#8217;s edge"},"content":{"rendered":"","protected":false},"excerpt":{"rendered":"<p>Eetween fields and water&#8217;s edge About 20 km walk. Meet at Gare d&#8217;Austerlitz at 9:00 am on the RER C platform in the direction of Dourdan Saint Martin d&#8217;Etampes. ELBA [&hellip;]<\/p>\n","protected":false},"author":4,"featured_media":0,"template":"","meta":{"_acf_changed":false,"inline_featured_image":false,"_EventAllDay":false,"_EventTimezone":"Europe\/Paris","_EventStartDate":"2023-06-18 08:00:00","_EventEndDate":"2023-06-18 17:00:00","_EventStartDateUTC":"2023-06-18 06:00:00","_EventEndDateUTC":"2023-06-18 15:00:00","_EventShowMap":true,"_EventShowMapLink":true,"_EventURL":"","_EventCost":"","_EventCostDescription":"","_EventCurrencySymbol":"","_EventCurrencyCode":"","_EventCurrencyPosition":"","_EventDateTimeSeparator":"","_EventTimeRangeSeparator":"","_EventOrganizerID":[8854],"_EventVenueID":[],"_OrganizerEmail":"","_OrganizerPhone":"","_OrganizerWebsite":"","_VenueAddress":"","_VenueCity":"","_VenueCountry":"","_VenueProvince":"","_VenueState":"","_VenueZip":"","_VenuePhone":"","_VenueURL":"","_VenueStateProvince":"","_VenueLat":"","_VenueLng":"","_VenueShowMap":false,"_VenueShowMapLink":false,"_tribe_events_status":"","_tribe_events_status_reason":"","footnotes":""},"tags":[],"tribe_events_cat":[57],"class_list":["post-9183","tribe_events","type-tribe_events","status-publish","hentry","tribe_events_cat-preparatory-walk","cat_preparatory-walk"],"acf":[],"yoast_head":"<!-- This site is optimized with the Yoast SEO plugin v27.4 - https:\/\/yoast.com\/product\/yoast-seo-wordpress\/ -->\n<title>Walk: &quot;Between fields and water&#039;s edge &#060; Soci\u00e9t\u00e9 Fran\u00e7aise des Amis de Saint-Jacques de Compostelle<\/title>\n<meta name=\"robots\" content=\"index, follow, max-snippet:-1, max-image-preview:large, max-video-preview:-1\" \/>\n<link rel=\"canonical\" href=\"https:\/\/www.amis-de-compostelle.fr\/en\/evenement\/walk-between-fields-and-waters-edge\/\" \/>\n<meta property=\"og:locale\" content=\"en_US\" \/>\n<meta property=\"og:type\" content=\"article\" \/>\n<meta property=\"og:title\" content=\"Walk: &quot;Between fields and water&#039;s edge &#060; Soci\u00e9t\u00e9 Fran\u00e7aise des Amis de Saint-Jacques de Compostelle\" \/>\n<meta property=\"og:description\" content=\"Eetween fields and water&#8217;s edge About 20 km walk. Meet at Gare d&#8217;Austerlitz at 9:00 am on the RER C platform in the direction of Dourdan Saint Martin d&#8217;Etampes. ELBA [&hellip;]\" \/>\n<meta property=\"og:url\" content=\"https:\/\/www.amis-de-compostelle.fr\/en\/evenement\/walk-between-fields-and-waters-edge\/\" \/>\n<meta property=\"og:site_name\" content=\"Soci\u00e9t\u00e9 Fran\u00e7aise des Amis de Saint-Jacques de Compostelle\" \/>\n<meta name=\"twitter:card\" content=\"summary_large_image\" \/>\n<meta name=\"twitter:label1\" content=\"Est. reading time\" \/>\n\t<meta name=\"twitter:data1\" content=\"1 minute\" \/>\n<script type=\"application\/ld+json\" class=\"yoast-schema-graph\">{\"@context\":\"https:\\\/\\\/schema.org\",\"@graph\":[{\"@type\":\"WebPage\",\"@id\":\"https:\\\/\\\/www.amis-de-compostelle.fr\\\/en\\\/evenement\\\/walk-between-fields-and-waters-edge\\\/\",\"url\":\"https:\\\/\\\/www.amis-de-compostelle.fr\\\/en\\\/evenement\\\/walk-between-fields-and-waters-edge\\\/\",\"name\":\"Walk: \\\"Between fields and water's edge &#060; Soci\u00e9t\u00e9 Fran\u00e7aise des Amis de Saint-Jacques de Compostelle\",\"isPartOf\":{\"@id\":\"https:\\\/\\\/www.amis-de-compostelle.fr\\\/en\\\/#website\"},\"datePublished\":\"2023-05-28T18:19:50+00:00\",\"breadcrumb\":{\"@id\":\"https:\\\/\\\/www.amis-de-compostelle.fr\\\/en\\\/evenement\\\/walk-between-fields-and-waters-edge\\\/#breadcrumb\"},\"inLanguage\":\"en-US\",\"potentialAction\":[{\"@type\":\"ReadAction\",\"target\":[\"https:\\\/\\\/www.amis-de-compostelle.fr\\\/en\\\/evenement\\\/walk-between-fields-and-waters-edge\\\/\"]}]},{\"@type\":\"BreadcrumbList\",\"@id\":\"https:\\\/\\\/www.amis-de-compostelle.fr\\\/en\\\/evenement\\\/walk-between-fields-and-waters-edge\\\/#breadcrumb\",\"itemListElement\":[{\"@type\":\"ListItem\",\"position\":1,\"name\":\"Accueil\",\"item\":\"https:\\\/\\\/www.amis-de-compostelle.fr\\\/en\\\/\"},{\"@type\":\"ListItem\",\"position\":2,\"name\":\"Events\",\"item\":\"https:\\\/\\\/www.amis-de-compostelle.fr\\\/en\\\/events\\\/\"},{\"@type\":\"ListItem\",\"position\":3,\"name\":\"Walk: &#8222;Between fields and water&#8217;s edge\"}]},{\"@type\":\"WebSite\",\"@id\":\"https:\\\/\\\/www.amis-de-compostelle.fr\\\/en\\\/#website\",\"url\":\"https:\\\/\\\/www.amis-de-compostelle.fr\\\/en\\\/\",\"name\":\"Soci\u00e9t\u00e9 Fran\u00e7aise des Amis de Saint-Jacques de Compostelle\",\"description\":\"La plus ancienne de toutes les associations jacquaires \u2013 depuis 1950\",\"publisher\":{\"@id\":\"https:\\\/\\\/www.amis-de-compostelle.fr\\\/en\\\/#organization\"},\"potentialAction\":[{\"@type\":\"SearchAction\",\"target\":{\"@type\":\"EntryPoint\",\"urlTemplate\":\"https:\\\/\\\/www.amis-de-compostelle.fr\\\/en\\\/?s={search_term_string}\"},\"query-input\":{\"@type\":\"PropertyValueSpecification\",\"valueRequired\":true,\"valueName\":\"search_term_string\"}}],\"inLanguage\":\"en-US\"},{\"@type\":\"Organization\",\"@id\":\"https:\\\/\\\/www.amis-de-compostelle.fr\\\/en\\\/#organization\",\"name\":\"SOCIETE FRANCAISE DES AMIS DE SAINT-JACQUES DE COMPOSTELLE\",\"url\":\"https:\\\/\\\/www.amis-de-compostelle.fr\\\/en\\\/\",\"logo\":{\"@type\":\"ImageObject\",\"inLanguage\":\"en-US\",\"@id\":\"https:\\\/\\\/www.amis-de-compostelle.fr\\\/en\\\/#\\\/schema\\\/logo\\\/image\\\/\",\"url\":\"https:\\\/\\\/www.amis-de-compostelle.fr\\\/wp-content\\\/uploads\\\/2021\\\/02\\\/cropped-SFASJ-logo.png\",\"contentUrl\":\"https:\\\/\\\/www.amis-de-compostelle.fr\\\/wp-content\\\/uploads\\\/2021\\\/02\\\/cropped-SFASJ-logo.png\",\"width\":512,\"height\":512,\"caption\":\"SOCIETE FRANCAISE DES AMIS DE SAINT-JACQUES DE COMPOSTELLE\"},\"image\":{\"@id\":\"https:\\\/\\\/www.amis-de-compostelle.fr\\\/en\\\/#\\\/schema\\\/logo\\\/image\\\/\"}}]}<\/script>\n<!-- \/ Yoast SEO plugin. -->","yoast_head_json":{"title":"Walk: \"Between fields and water's edge &#060; Soci\u00e9t\u00e9 Fran\u00e7aise des Amis de Saint-Jacques de Compostelle","robots":{"index":"index","follow":"follow","max-snippet":"max-snippet:-1","max-image-preview":"max-image-preview:large","max-video-preview":"max-video-preview:-1"},"canonical":"https:\/\/www.amis-de-compostelle.fr\/en\/evenement\/walk-between-fields-and-waters-edge\/","og_locale":"en_US","og_type":"article","og_title":"Walk: \"Between fields and water's edge &#060; Soci\u00e9t\u00e9 Fran\u00e7aise des Amis de Saint-Jacques de Compostelle","og_description":"Eetween fields and water&#8217;s edge About 20 km walk. Meet at Gare d&#8217;Austerlitz at 9:00 am on the RER C platform in the direction of Dourdan Saint Martin d&#8217;Etampes. ELBA [&hellip;]","og_url":"https:\/\/www.amis-de-compostelle.fr\/en\/evenement\/walk-between-fields-and-waters-edge\/","og_site_name":"Soci\u00e9t\u00e9 Fran\u00e7aise des Amis de Saint-Jacques de Compostelle","twitter_card":"summary_large_image","twitter_misc":{"Est. reading time":"1 minute"},"schema":{"@context":"https:\/\/schema.org","@graph":[{"@type":"WebPage","@id":"https:\/\/www.amis-de-compostelle.fr\/en\/evenement\/walk-between-fields-and-waters-edge\/","url":"https:\/\/www.amis-de-compostelle.fr\/en\/evenement\/walk-between-fields-and-waters-edge\/","name":"Walk: \"Between fields and water's edge &#060; Soci\u00e9t\u00e9 Fran\u00e7aise des Amis de Saint-Jacques de Compostelle","isPartOf":{"@id":"https:\/\/www.amis-de-compostelle.fr\/en\/#website"},"datePublished":"2023-05-28T18:19:50+00:00","breadcrumb":{"@id":"https:\/\/www.amis-de-compostelle.fr\/en\/evenement\/walk-between-fields-and-waters-edge\/#breadcrumb"},"inLanguage":"en-US","potentialAction":[{"@type":"ReadAction","target":["https:\/\/www.amis-de-compostelle.fr\/en\/evenement\/walk-between-fields-and-waters-edge\/"]}]},{"@type":"BreadcrumbList","@id":"https:\/\/www.amis-de-compostelle.fr\/en\/evenement\/walk-between-fields-and-waters-edge\/#breadcrumb","itemListElement":[{"@type":"ListItem","position":1,"name":"Accueil","item":"https:\/\/www.amis-de-compostelle.fr\/en\/"},{"@type":"ListItem","position":2,"name":"Events","item":"https:\/\/www.amis-de-compostelle.fr\/en\/events\/"},{"@type":"ListItem","position":3,"name":"Walk: &#8222;Between fields and water&#8217;s edge"}]},{"@type":"WebSite","@id":"https:\/\/www.amis-de-compostelle.fr\/en\/#website","url":"https:\/\/www.amis-de-compostelle.fr\/en\/","name":"Soci\u00e9t\u00e9 Fran\u00e7aise des Amis de Saint-Jacques de Compostelle","description":"La plus ancienne de toutes les associations jacquaires \u2013 depuis 1950","publisher":{"@id":"https:\/\/www.amis-de-compostelle.fr\/en\/#organization"},"potentialAction":[{"@type":"SearchAction","target":{"@type":"EntryPoint","urlTemplate":"https:\/\/www.amis-de-compostelle.fr\/en\/?s={search_term_string}"},"query-input":{"@type":"PropertyValueSpecification","valueRequired":true,"valueName":"search_term_string"}}],"inLanguage":"en-US"},{"@type":"Organization","@id":"https:\/\/www.amis-de-compostelle.fr\/en\/#organization","name":"SOCIETE FRANCAISE DES AMIS DE SAINT-JACQUES DE COMPOSTELLE","url":"https:\/\/www.amis-de-compostelle.fr\/en\/","logo":{"@type":"ImageObject","inLanguage":"en-US","@id":"https:\/\/www.amis-de-compostelle.fr\/en\/#\/schema\/logo\/image\/","url":"https:\/\/www.amis-de-compostelle.fr\/wp-content\/uploads\/2021\/02\/cropped-SFASJ-logo.png","contentUrl":"https:\/\/www.amis-de-compostelle.fr\/wp-content\/uploads\/2021\/02\/cropped-SFASJ-logo.png","width":512,"height":512,"caption":"SOCIETE FRANCAISE DES AMIS DE SAINT-JACQUES DE COMPOSTELLE"},"image":{"@id":"https:\/\/www.amis-de-compostelle.fr\/en\/#\/schema\/logo\/image\/"}}]}},"_links":{"self":[{"href":"https:\/\/www.amis-de-compostelle.fr\/en\/wp-json\/wp\/v2\/tribe_events\/9183","targetHints":{"allow":["GET"]}}],"collection":[{"href":"https:\/\/www.amis-de-compostelle.fr\/en\/wp-json\/wp\/v2\/tribe_events"}],"about":[{"href":"https:\/\/www.amis-de-compostelle.fr\/en\/wp-json\/wp\/v2\/types\/tribe_events"}],"author":[{"embeddable":true,"href":"https:\/\/www.amis-de-compostelle.fr\/en\/wp-json\/wp\/v2\/users\/4"}],"version-history":[{"count":0,"href":"https:\/\/www.amis-de-compostelle.fr\/en\/wp-json\/wp\/v2\/tribe_events\/9183\/revisions"}],"wp:attachment":[{"href":"https:\/\/www.amis-de-compostelle.fr\/en\/wp-json\/wp\/v2\/media?parent=9183"}],"wp:term":[{"taxonomy":"post_tag","embeddable":true,"href":"https:\/\/www.amis-de-compostelle.fr\/en\/wp-json\/wp\/v2\/tags?post=9183"},{"taxonomy":"tribe_events_cat","embeddable":true,"href":"https:\/\/www.amis-de-compostelle.fr\/en\/wp-json\/wp\/v2\/tribe_events_cat?post=9183"}],"curies":[{"name":"wp","href":"https:\/\/api.w.org\/{rel}","templated":true}]}}

<!-- This site is optimized with the Yoast SEO plugin v27.4 - https://yoast.com/product/yoast-seo-wordpress/ -->
<title>Walk: &quot;Between fields and water&#039;s edge &#060; Société Française des Amis de Saint-Jacques de Compostelle</title>
<meta name="robots" content="index, follow, max-snippet:-1, max-image-preview:large, max-video-preview:-1" />
<link rel="canonical" href="https://www.amis-de-compostelle.fr/en/evenement/walk-between-fields-and-waters-edge/" />
<meta property="og:locale" content="en_US" />
<meta property="og:type" content="article" />
<meta property="og:title" content="Walk: &quot;Between fields and water&#039;s edge &#060; Société Française des Amis de Saint-Jacques de Compostelle" />
<meta property="og:description" content="Eetween fields and water&#8217;s edge About 20 km walk. Meet at Gare d&#8217;Austerlitz at 9:00 am on the RER C platform in the direction of Dourdan Saint Martin d&#8217;Etampes. ELBA [&hellip;]" />
<meta property="og:url" content="https://www.amis-de-compostelle.fr/en/evenement/walk-between-fields-and-waters-edge/" />
<meta property="og:site_name" content="Société Française des Amis de Saint-Jacques de Compostelle" />
<meta name="twitter:card" content="summary_large_image" />
<meta name="twitter:label1" content="Est. reading time" />
	<meta name="twitter:data1" content="1 minute" />
<script type="application/ld+json" class="yoast-schema-graph">{"@context":"https:\/\/schema.org","@graph":[{"@type":"WebPage","@id":"https:\/\/www.amis-de-compostelle.fr\/en\/evenement\/walk-between-fields-and-waters-edge\/","url":"https:\/\/www.amis-de-compostelle.fr\/en\/evenement\/walk-between-fields-and-waters-edge\/","name":"Walk: \"Between fields and water's edge &#060; Société Française des Amis de Saint-Jacques de Compostelle","isPartOf":{"@id":"https:\/\/www.amis-de-compostelle.fr\/en\/#website"},"datePublished":"2023-05-28T18:19:50+00:00","breadcrumb":{"@id":"https:\/\/www.amis-de-compostelle.fr\/en\/evenement\/walk-between-fields-and-waters-edge\/#breadcrumb"},"inLanguage":"en-US","potentialAction":[{"@type":"ReadAction","target":["https:\/\/www.amis-de-compostelle.fr\/en\/evenement\/walk-between-fields-and-waters-edge\/"]}]},{"@type":"BreadcrumbList","@id":"https:\/\/www.amis-de-compostelle.fr\/en\/evenement\/walk-between-fields-and-waters-edge\/#breadcrumb","itemListElement":[{"@type":"ListItem","position":1,"name":"Accueil","item":"https:\/\/www.amis-de-compostelle.fr\/en\/"},{"@type":"ListItem","position":2,"name":"Events","item":"https:\/\/www.amis-de-compostelle.fr\/en\/events\/"},{"@type":"ListItem","position":3,"name":"Walk: &#8222;Between fields and water&#8217;s edge"}]},{"@type":"WebSite","@id":"https:\/\/www.amis-de-compostelle.fr\/en\/#website","url":"https:\/\/www.amis-de-compostelle.fr\/en\/","name":"Société Française des Amis de Saint-Jacques de Compostelle","description":"La plus ancienne de toutes les associations jacquaires – depuis 1950","publisher":{"@id":"https:\/\/www.amis-de-compostelle.fr\/en\/#organization"},"potentialAction":[{"@type":"SearchAction","target":{"@type":"EntryPoint","urlTemplate":"https:\/\/www.amis-de-compostelle.fr\/en\/?s={search_term_string}"},"query-input":{"@type":"PropertyValueSpecification","valueRequired":true,"valueName":"search_term_string"}}],"inLanguage":"en-US"},{"@type":"Organization","@id":"https:\/\/www.amis-de-compostelle.fr\/en\/#organization","name":"SOCIETE FRANCAISE DES AMIS DE SAINT-JACQUES DE COMPOSTELLE","url":"https:\/\/www.amis-de-compostelle.fr\/en\/","logo":{"@type":"ImageObject","inLanguage":"en-US","@id":"https:\/\/www.amis-de-compostelle.fr\/en\/#\/schema\/logo\/image\/","url":"https:\/\/www.amis-de-compostelle.fr\/wp-content\/uploads\/2021\/02\/cropped-SFASJ-logo.png","contentUrl":"https:\/\/www.amis-de-compostelle.fr\/wp-content\/uploads\/2021\/02\/cropped-SFASJ-logo.png","width":512,"height":512,"caption":"SOCIETE FRANCAISE DES AMIS DE SAINT-JACQUES DE COMPOSTELLE"},"image":{"@id":"https:\/\/www.amis-de-compostelle.fr\/en\/#\/schema\/logo\/image\/"}}]}</script>
<!-- / Yoast SEO plugin. -->

Walk: "Between fields and water's edge &#060; Société Française des Amis de Saint-Jacques de Compostelle

Société Française des Amis de Saint-Jacques de Compostelle
