{"id":9103,"date":"2023-11-01T23:09:15","date_gmt":"2023-11-01T22:09:15","guid":{"rendered":"https:\/\/www.amis-de-compostelle.fr\/evenement\/mesa-redonda-caminar-como-escuela-de-la-naturaleza\/"},"modified":"2023-11-01T23:09:15","modified_gmt":"2023-11-01T22:09:15","slug":"mesa-redonda-caminar-como-escuela-de-la-naturaleza","status":"publish","type":"tribe_events","link":"https:\/\/www.amis-de-compostelle.fr\/es\/evenement\/mesa-redonda-caminar-como-escuela-de-la-naturaleza\/","title":{"rendered":"Mesa redonda: Caminar como escuela de la naturaleza"},"content":{"rendered":"","protected":false},"excerpt":{"rendered":"<p>Caminar en la escuela de la naturaleza Dentro del ciclo de conferencias \u00abDes chemins et des hommes\u00bb, mesa redonda a cargo de Ga\u00eble de La Brosse, periodista del semanario Le [&hellip;]<\/p>\n","protected":false},"author":4,"featured_media":7398,"template":"","meta":{"_acf_changed":false,"inline_featured_image":false,"_EventAllDay":false,"_EventTimezone":"Europe\/Paris","_EventStartDate":"2024-05-24 19:30:00","_EventEndDate":"2024-05-24 21:45:00","_EventStartDateUTC":"2024-05-24 17:30:00","_EventEndDateUTC":"2024-05-24 19:45:00","_EventShowMap":true,"_EventShowMapLink":true,"_EventURL":"","_EventCost":"8","_EventCostDescription":"","_EventCurrencySymbol":"","_EventCurrencyCode":"","_EventCurrencyPosition":"","_EventDateTimeSeparator":"","_EventTimeRangeSeparator":"","_EventOrganizerID":[8902],"_EventVenueID":[8967],"_OrganizerEmail":"","_OrganizerPhone":"","_OrganizerWebsite":"","_VenueAddress":"","_VenueCity":"","_VenueCountry":"","_VenueProvince":"","_VenueState":"","_VenueZip":"","_VenuePhone":"","_VenueURL":"","_VenueStateProvince":"","_VenueLat":"","_VenueLng":"","_VenueShowMap":false,"_VenueShowMapLink":false,"_tribe_events_status":"","_tribe_events_status_reason":"","footnotes":""},"tags":[],"tribe_events_cat":[58],"class_list":["post-9103","tribe_events","type-tribe_events","status-publish","has-post-thumbnail","hentry","tribe_events_cat-conferencia","cat_conferencia"],"acf":[],"yoast_head":"<!-- This site is optimized with the Yoast SEO plugin v27.4 - https:\/\/yoast.com\/product\/yoast-seo-wordpress\/ -->\n<title>Mesa redonda: Caminar como escuela de la naturaleza &#060; Soci\u00e9t\u00e9 Fran\u00e7aise des Amis de Saint-Jacques de Compostelle<\/title>\n<meta name=\"robots\" content=\"index, follow, max-snippet:-1, max-image-preview:large, max-video-preview:-1\" \/>\n<link rel=\"canonical\" href=\"https:\/\/www.amis-de-compostelle.fr\/es\/evenement\/mesa-redonda-caminar-como-escuela-de-la-naturaleza\/\" \/>\n<meta property=\"og:locale\" content=\"es_ES\" \/>\n<meta property=\"og:type\" content=\"article\" \/>\n<meta property=\"og:title\" content=\"Mesa redonda: Caminar como escuela de la naturaleza &#060; Soci\u00e9t\u00e9 Fran\u00e7aise des Amis de Saint-Jacques de Compostelle\" \/>\n<meta property=\"og:description\" content=\"Caminar en la escuela de la naturaleza Dentro del ciclo de conferencias \u00abDes chemins et des hommes\u00bb, mesa redonda a cargo de Ga\u00eble de La Brosse, periodista del semanario Le [&hellip;]\" \/>\n<meta property=\"og:url\" content=\"https:\/\/www.amis-de-compostelle.fr\/es\/evenement\/mesa-redonda-caminar-como-escuela-de-la-naturaleza\/\" \/>\n<meta property=\"og:site_name\" content=\"Soci\u00e9t\u00e9 Fran\u00e7aise des Amis de Saint-Jacques de Compostelle\" \/>\n<meta name=\"twitter:card\" content=\"summary_large_image\" \/>\n<meta name=\"twitter:label1\" content=\"Tiempo de lectura\" \/>\n\t<meta name=\"twitter:data1\" content=\"2 minuto\" \/>\n<script type=\"application\/ld+json\" class=\"yoast-schema-graph\">{\"@context\":\"https:\\\/\\\/schema.org\",\"@graph\":[{\"@type\":\"WebPage\",\"@id\":\"https:\\\/\\\/www.amis-de-compostelle.fr\\\/es\\\/evenement\\\/mesa-redonda-caminar-como-escuela-de-la-naturaleza\\\/\",\"url\":\"https:\\\/\\\/www.amis-de-compostelle.fr\\\/es\\\/evenement\\\/mesa-redonda-caminar-como-escuela-de-la-naturaleza\\\/\",\"name\":\"Mesa redonda: Caminar como escuela de la naturaleza &#060; Soci\u00e9t\u00e9 Fran\u00e7aise des Amis de Saint-Jacques de Compostelle\",\"isPartOf\":{\"@id\":\"https:\\\/\\\/www.amis-de-compostelle.fr\\\/es\\\/#website\"},\"primaryImageOfPage\":{\"@id\":\"https:\\\/\\\/www.amis-de-compostelle.fr\\\/es\\\/evenement\\\/mesa-redonda-caminar-como-escuela-de-la-naturaleza\\\/#primaryimage\"},\"image\":{\"@id\":\"https:\\\/\\\/www.amis-de-compostelle.fr\\\/es\\\/evenement\\\/mesa-redonda-caminar-como-escuela-de-la-naturaleza\\\/#primaryimage\"},\"thumbnailUrl\":\"https:\\\/\\\/www.amis-de-compostelle.fr\\\/wp-content\\\/uploads\\\/2023\\\/11\\\/Conference-du-24-mai-2024.jpg\",\"datePublished\":\"2023-11-01T22:09:15+00:00\",\"breadcrumb\":{\"@id\":\"https:\\\/\\\/www.amis-de-compostelle.fr\\\/es\\\/evenement\\\/mesa-redonda-caminar-como-escuela-de-la-naturaleza\\\/#breadcrumb\"},\"inLanguage\":\"es\",\"potentialAction\":[{\"@type\":\"ReadAction\",\"target\":[\"https:\\\/\\\/www.amis-de-compostelle.fr\\\/es\\\/evenement\\\/mesa-redonda-caminar-como-escuela-de-la-naturaleza\\\/\"]}]},{\"@type\":\"ImageObject\",\"inLanguage\":\"es\",\"@id\":\"https:\\\/\\\/www.amis-de-compostelle.fr\\\/es\\\/evenement\\\/mesa-redonda-caminar-como-escuela-de-la-naturaleza\\\/#primaryimage\",\"url\":\"https:\\\/\\\/www.amis-de-compostelle.fr\\\/wp-content\\\/uploads\\\/2023\\\/11\\\/Conference-du-24-mai-2024.jpg\",\"contentUrl\":\"https:\\\/\\\/www.amis-de-compostelle.fr\\\/wp-content\\\/uploads\\\/2023\\\/11\\\/Conference-du-24-mai-2024.jpg\",\"width\":1333,\"height\":699},{\"@type\":\"BreadcrumbList\",\"@id\":\"https:\\\/\\\/www.amis-de-compostelle.fr\\\/es\\\/evenement\\\/mesa-redonda-caminar-como-escuela-de-la-naturaleza\\\/#breadcrumb\",\"itemListElement\":[{\"@type\":\"ListItem\",\"position\":1,\"name\":\"Accueil\",\"item\":\"https:\\\/\\\/www.amis-de-compostelle.fr\\\/es\\\/\"},{\"@type\":\"ListItem\",\"position\":2,\"name\":\"Eventos\",\"item\":\"https:\\\/\\\/www.amis-de-compostelle.fr\\\/es\\\/events\\\/\"},{\"@type\":\"ListItem\",\"position\":3,\"name\":\"Mesa redonda: Caminar como escuela de la naturaleza\"}]},{\"@type\":\"WebSite\",\"@id\":\"https:\\\/\\\/www.amis-de-compostelle.fr\\\/es\\\/#website\",\"url\":\"https:\\\/\\\/www.amis-de-compostelle.fr\\\/es\\\/\",\"name\":\"Soci\u00e9t\u00e9 Fran\u00e7aise des Amis de Saint-Jacques de Compostelle\",\"description\":\"La plus ancienne de toutes les associations jacquaires \u2013 depuis 1950\",\"publisher\":{\"@id\":\"https:\\\/\\\/www.amis-de-compostelle.fr\\\/es\\\/#organization\"},\"potentialAction\":[{\"@type\":\"SearchAction\",\"target\":{\"@type\":\"EntryPoint\",\"urlTemplate\":\"https:\\\/\\\/www.amis-de-compostelle.fr\\\/es\\\/?s={search_term_string}\"},\"query-input\":{\"@type\":\"PropertyValueSpecification\",\"valueRequired\":true,\"valueName\":\"search_term_string\"}}],\"inLanguage\":\"es\"},{\"@type\":\"Organization\",\"@id\":\"https:\\\/\\\/www.amis-de-compostelle.fr\\\/es\\\/#organization\",\"name\":\"SOCIETE FRANCAISE DES AMIS DE SAINT-JACQUES DE COMPOSTELLE\",\"url\":\"https:\\\/\\\/www.amis-de-compostelle.fr\\\/es\\\/\",\"logo\":{\"@type\":\"ImageObject\",\"inLanguage\":\"es\",\"@id\":\"https:\\\/\\\/www.amis-de-compostelle.fr\\\/es\\\/#\\\/schema\\\/logo\\\/image\\\/\",\"url\":\"https:\\\/\\\/www.amis-de-compostelle.fr\\\/wp-content\\\/uploads\\\/2021\\\/02\\\/cropped-SFASJ-logo.png\",\"contentUrl\":\"https:\\\/\\\/www.amis-de-compostelle.fr\\\/wp-content\\\/uploads\\\/2021\\\/02\\\/cropped-SFASJ-logo.png\",\"width\":512,\"height\":512,\"caption\":\"SOCIETE FRANCAISE DES AMIS DE SAINT-JACQUES DE COMPOSTELLE\"},\"image\":{\"@id\":\"https:\\\/\\\/www.amis-de-compostelle.fr\\\/es\\\/#\\\/schema\\\/logo\\\/image\\\/\"}}]}<\/script>\n<!-- \/ Yoast SEO plugin. -->","yoast_head_json":{"title":"Mesa redonda: Caminar como escuela de la naturaleza &#060; Soci\u00e9t\u00e9 Fran\u00e7aise des Amis de Saint-Jacques de Compostelle","robots":{"index":"index","follow":"follow","max-snippet":"max-snippet:-1","max-image-preview":"max-image-preview:large","max-video-preview":"max-video-preview:-1"},"canonical":"https:\/\/www.amis-de-compostelle.fr\/es\/evenement\/mesa-redonda-caminar-como-escuela-de-la-naturaleza\/","og_locale":"es_ES","og_type":"article","og_title":"Mesa redonda: Caminar como escuela de la naturaleza &#060; Soci\u00e9t\u00e9 Fran\u00e7aise des Amis de Saint-Jacques de Compostelle","og_description":"Caminar en la escuela de la naturaleza Dentro del ciclo de conferencias \u00abDes chemins et des hommes\u00bb, mesa redonda a cargo de Ga\u00eble de La Brosse, periodista del semanario Le [&hellip;]","og_url":"https:\/\/www.amis-de-compostelle.fr\/es\/evenement\/mesa-redonda-caminar-como-escuela-de-la-naturaleza\/","og_site_name":"Soci\u00e9t\u00e9 Fran\u00e7aise des Amis de Saint-Jacques de Compostelle","twitter_card":"summary_large_image","twitter_misc":{"Tiempo de lectura":"2 minuto"},"schema":{"@context":"https:\/\/schema.org","@graph":[{"@type":"WebPage","@id":"https:\/\/www.amis-de-compostelle.fr\/es\/evenement\/mesa-redonda-caminar-como-escuela-de-la-naturaleza\/","url":"https:\/\/www.amis-de-compostelle.fr\/es\/evenement\/mesa-redonda-caminar-como-escuela-de-la-naturaleza\/","name":"Mesa redonda: Caminar como escuela de la naturaleza &#060; Soci\u00e9t\u00e9 Fran\u00e7aise des Amis de Saint-Jacques de Compostelle","isPartOf":{"@id":"https:\/\/www.amis-de-compostelle.fr\/es\/#website"},"primaryImageOfPage":{"@id":"https:\/\/www.amis-de-compostelle.fr\/es\/evenement\/mesa-redonda-caminar-como-escuela-de-la-naturaleza\/#primaryimage"},"image":{"@id":"https:\/\/www.amis-de-compostelle.fr\/es\/evenement\/mesa-redonda-caminar-como-escuela-de-la-naturaleza\/#primaryimage"},"thumbnailUrl":"https:\/\/www.amis-de-compostelle.fr\/wp-content\/uploads\/2023\/11\/Conference-du-24-mai-2024.jpg","datePublished":"2023-11-01T22:09:15+00:00","breadcrumb":{"@id":"https:\/\/www.amis-de-compostelle.fr\/es\/evenement\/mesa-redonda-caminar-como-escuela-de-la-naturaleza\/#breadcrumb"},"inLanguage":"es","potentialAction":[{"@type":"ReadAction","target":["https:\/\/www.amis-de-compostelle.fr\/es\/evenement\/mesa-redonda-caminar-como-escuela-de-la-naturaleza\/"]}]},{"@type":"ImageObject","inLanguage":"es","@id":"https:\/\/www.amis-de-compostelle.fr\/es\/evenement\/mesa-redonda-caminar-como-escuela-de-la-naturaleza\/#primaryimage","url":"https:\/\/www.amis-de-compostelle.fr\/wp-content\/uploads\/2023\/11\/Conference-du-24-mai-2024.jpg","contentUrl":"https:\/\/www.amis-de-compostelle.fr\/wp-content\/uploads\/2023\/11\/Conference-du-24-mai-2024.jpg","width":1333,"height":699},{"@type":"BreadcrumbList","@id":"https:\/\/www.amis-de-compostelle.fr\/es\/evenement\/mesa-redonda-caminar-como-escuela-de-la-naturaleza\/#breadcrumb","itemListElement":[{"@type":"ListItem","position":1,"name":"Accueil","item":"https:\/\/www.amis-de-compostelle.fr\/es\/"},{"@type":"ListItem","position":2,"name":"Eventos","item":"https:\/\/www.amis-de-compostelle.fr\/es\/events\/"},{"@type":"ListItem","position":3,"name":"Mesa redonda: Caminar como escuela de la naturaleza"}]},{"@type":"WebSite","@id":"https:\/\/www.amis-de-compostelle.fr\/es\/#website","url":"https:\/\/www.amis-de-compostelle.fr\/es\/","name":"Soci\u00e9t\u00e9 Fran\u00e7aise des Amis de Saint-Jacques de Compostelle","description":"La plus ancienne de toutes les associations jacquaires \u2013 depuis 1950","publisher":{"@id":"https:\/\/www.amis-de-compostelle.fr\/es\/#organization"},"potentialAction":[{"@type":"SearchAction","target":{"@type":"EntryPoint","urlTemplate":"https:\/\/www.amis-de-compostelle.fr\/es\/?s={search_term_string}"},"query-input":{"@type":"PropertyValueSpecification","valueRequired":true,"valueName":"search_term_string"}}],"inLanguage":"es"},{"@type":"Organization","@id":"https:\/\/www.amis-de-compostelle.fr\/es\/#organization","name":"SOCIETE FRANCAISE DES AMIS DE SAINT-JACQUES DE COMPOSTELLE","url":"https:\/\/www.amis-de-compostelle.fr\/es\/","logo":{"@type":"ImageObject","inLanguage":"es","@id":"https:\/\/www.amis-de-compostelle.fr\/es\/#\/schema\/logo\/image\/","url":"https:\/\/www.amis-de-compostelle.fr\/wp-content\/uploads\/2021\/02\/cropped-SFASJ-logo.png","contentUrl":"https:\/\/www.amis-de-compostelle.fr\/wp-content\/uploads\/2021\/02\/cropped-SFASJ-logo.png","width":512,"height":512,"caption":"SOCIETE FRANCAISE DES AMIS DE SAINT-JACQUES DE COMPOSTELLE"},"image":{"@id":"https:\/\/www.amis-de-compostelle.fr\/es\/#\/schema\/logo\/image\/"}}]}},"_links":{"self":[{"href":"https:\/\/www.amis-de-compostelle.fr\/es\/wp-json\/wp\/v2\/tribe_events\/9103","targetHints":{"allow":["GET"]}}],"collection":[{"href":"https:\/\/www.amis-de-compostelle.fr\/es\/wp-json\/wp\/v2\/tribe_events"}],"about":[{"href":"https:\/\/www.amis-de-compostelle.fr\/es\/wp-json\/wp\/v2\/types\/tribe_events"}],"author":[{"embeddable":true,"href":"https:\/\/www.amis-de-compostelle.fr\/es\/wp-json\/wp\/v2\/users\/4"}],"version-history":[{"count":0,"href":"https:\/\/www.amis-de-compostelle.fr\/es\/wp-json\/wp\/v2\/tribe_events\/9103\/revisions"}],"wp:featuredmedia":[{"embeddable":true,"href":"https:\/\/www.amis-de-compostelle.fr\/es\/wp-json\/wp\/v2\/media\/7398"}],"wp:attachment":[{"href":"https:\/\/www.amis-de-compostelle.fr\/es\/wp-json\/wp\/v2\/media?parent=9103"}],"wp:term":[{"taxonomy":"post_tag","embeddable":true,"href":"https:\/\/www.amis-de-compostelle.fr\/es\/wp-json\/wp\/v2\/tags?post=9103"},{"taxonomy":"tribe_events_cat","embeddable":true,"href":"https:\/\/www.amis-de-compostelle.fr\/es\/wp-json\/wp\/v2\/tribe_events_cat?post=9103"}],"curies":[{"name":"wp","href":"https:\/\/api.w.org\/{rel}","templated":true}]}}

<p>Caminar en la escuela de la naturaleza Dentro del ciclo de conferencias «Des chemins et des hommes», mesa redonda a cargo de Gaële de La Brosse, periodista del semanario Le [&hellip;]</p>

<!-- This site is optimized with the Yoast SEO plugin v27.4 - https://yoast.com/product/yoast-seo-wordpress/ -->
<title>Mesa redonda: Caminar como escuela de la naturaleza &#060; Société Française des Amis de Saint-Jacques de Compostelle</title>
<meta name="robots" content="index, follow, max-snippet:-1, max-image-preview:large, max-video-preview:-1" />
<link rel="canonical" href="https://www.amis-de-compostelle.fr/es/evenement/mesa-redonda-caminar-como-escuela-de-la-naturaleza/" />
<meta property="og:locale" content="es_ES" />
<meta property="og:type" content="article" />
<meta property="og:title" content="Mesa redonda: Caminar como escuela de la naturaleza &#060; Société Française des Amis de Saint-Jacques de Compostelle" />
<meta property="og:description" content="Caminar en la escuela de la naturaleza Dentro del ciclo de conferencias «Des chemins et des hommes», mesa redonda a cargo de Gaële de La Brosse, periodista del semanario Le [&hellip;]" />
<meta property="og:url" content="https://www.amis-de-compostelle.fr/es/evenement/mesa-redonda-caminar-como-escuela-de-la-naturaleza/" />
<meta property="og:site_name" content="Société Française des Amis de Saint-Jacques de Compostelle" />
<meta name="twitter:card" content="summary_large_image" />
<meta name="twitter:label1" content="Tiempo de lectura" />
	<meta name="twitter:data1" content="2 minuto" />
<script type="application/ld+json" class="yoast-schema-graph">{"@context":"https:\/\/schema.org","@graph":[{"@type":"WebPage","@id":"https:\/\/www.amis-de-compostelle.fr\/es\/evenement\/mesa-redonda-caminar-como-escuela-de-la-naturaleza\/","url":"https:\/\/www.amis-de-compostelle.fr\/es\/evenement\/mesa-redonda-caminar-como-escuela-de-la-naturaleza\/","name":"Mesa redonda: Caminar como escuela de la naturaleza &#060; Société Française des Amis de Saint-Jacques de Compostelle","isPartOf":{"@id":"https:\/\/www.amis-de-compostelle.fr\/es\/#website"},"primaryImageOfPage":{"@id":"https:\/\/www.amis-de-compostelle.fr\/es\/evenement\/mesa-redonda-caminar-como-escuela-de-la-naturaleza\/#primaryimage"},"image":{"@id":"https:\/\/www.amis-de-compostelle.fr\/es\/evenement\/mesa-redonda-caminar-como-escuela-de-la-naturaleza\/#primaryimage"},"thumbnailUrl":"https:\/\/www.amis-de-compostelle.fr\/wp-content\/uploads\/2023\/11\/Conference-du-24-mai-2024.jpg","datePublished":"2023-11-01T22:09:15+00:00","breadcrumb":{"@id":"https:\/\/www.amis-de-compostelle.fr\/es\/evenement\/mesa-redonda-caminar-como-escuela-de-la-naturaleza\/#breadcrumb"},"inLanguage":"es","potentialAction":[{"@type":"ReadAction","target":["https:\/\/www.amis-de-compostelle.fr\/es\/evenement\/mesa-redonda-caminar-como-escuela-de-la-naturaleza\/"]}]},{"@type":"ImageObject","inLanguage":"es","@id":"https:\/\/www.amis-de-compostelle.fr\/es\/evenement\/mesa-redonda-caminar-como-escuela-de-la-naturaleza\/#primaryimage","url":"https:\/\/www.amis-de-compostelle.fr\/wp-content\/uploads\/2023\/11\/Conference-du-24-mai-2024.jpg","contentUrl":"https:\/\/www.amis-de-compostelle.fr\/wp-content\/uploads\/2023\/11\/Conference-du-24-mai-2024.jpg","width":1333,"height":699},{"@type":"BreadcrumbList","@id":"https:\/\/www.amis-de-compostelle.fr\/es\/evenement\/mesa-redonda-caminar-como-escuela-de-la-naturaleza\/#breadcrumb","itemListElement":[{"@type":"ListItem","position":1,"name":"Accueil","item":"https:\/\/www.amis-de-compostelle.fr\/es\/"},{"@type":"ListItem","position":2,"name":"Eventos","item":"https:\/\/www.amis-de-compostelle.fr\/es\/events\/"},{"@type":"ListItem","position":3,"name":"Mesa redonda: Caminar como escuela de la naturaleza"}]},{"@type":"WebSite","@id":"https:\/\/www.amis-de-compostelle.fr\/es\/#website","url":"https:\/\/www.amis-de-compostelle.fr\/es\/","name":"Société Française des Amis de Saint-Jacques de Compostelle","description":"La plus ancienne de toutes les associations jacquaires – depuis 1950","publisher":{"@id":"https:\/\/www.amis-de-compostelle.fr\/es\/#organization"},"potentialAction":[{"@type":"SearchAction","target":{"@type":"EntryPoint","urlTemplate":"https:\/\/www.amis-de-compostelle.fr\/es\/?s={search_term_string}"},"query-input":{"@type":"PropertyValueSpecification","valueRequired":true,"valueName":"search_term_string"}}],"inLanguage":"es"},{"@type":"Organization","@id":"https:\/\/www.amis-de-compostelle.fr\/es\/#organization","name":"SOCIETE FRANCAISE DES AMIS DE SAINT-JACQUES DE COMPOSTELLE","url":"https:\/\/www.amis-de-compostelle.fr\/es\/","logo":{"@type":"ImageObject","inLanguage":"es","@id":"https:\/\/www.amis-de-compostelle.fr\/es\/#\/schema\/logo\/image\/","url":"https:\/\/www.amis-de-compostelle.fr\/wp-content\/uploads\/2021\/02\/cropped-SFASJ-logo.png","contentUrl":"https:\/\/www.amis-de-compostelle.fr\/wp-content\/uploads\/2021\/02\/cropped-SFASJ-logo.png","width":512,"height":512,"caption":"SOCIETE FRANCAISE DES AMIS DE SAINT-JACQUES DE COMPOSTELLE"},"image":{"@id":"https:\/\/www.amis-de-compostelle.fr\/es\/#\/schema\/logo\/image\/"}}]}</script>
<!-- / Yoast SEO plugin. -->

Mesa redonda: Caminar como escuela de la naturaleza &#060; Société Française des Amis de Saint-Jacques de Compostelle

Caminar en la escuela de la naturaleza Dentro del ciclo de conferencias «Des chemins et des hommes», mesa redonda a cargo de Gaële de La Brosse, periodista del semanario Le [&hellip;]

Société Française des Amis de Saint-Jacques de Compostelle
